)?
5, 2027
Let a(q) = q**3 + 9*q**2 + 8*q - 4. Let s be a(-7). Suppose s*p + 23457 = 59*p. List the prime factors of p.
1117
Let h = 1010 + -815. Let t = 52 + -2. Let f = h - t. What are the prime factors of f?
5, 29
Suppose 45*z - 174706 + 151824 = 254183. What are the prime factors of z?
47, 131
Let u(x) = -17*x + 325. Let y be u(19). Suppose -4*p = y*p - 3114. What are the prime factors of p?
3, 173
Let x(u) be the second derivative of u**4/3 - 5*u**3/6 - 13*u**2/2 - 12*u + 1. What are the prime factors of x(-10)?
19, 23
Suppose 4*l - 2*s = 5120 + 45078, s + 3 = 0. List the prime factors of l.
2, 3137
Let w(i) = 6*i + 141. Let t be w(28). Suppose -3*f = -h - t, -4*h = f - 2*f + 114. What are the prime factors of f?
2, 3, 17
Suppose 2*f + 3*l = -0*l + 33, -2*l = 5*f - 77. Suppose f*y + 167 = 2072. List the prime factors of y.
127
Let h(w) = -w + 8. Let d be h(9). Let s be (1 - (d - -1)) + (2 - -1). Suppose -2*o - o = c + s, 3*c = 5*o + 16. List the prime factors of c.
2
Let b(i) = -30*i + 43. Let r be b(10). Let n = 811 + r. Let d = n - 325. What are the prime factors of d?
229
Let s = -42 + 42. Suppose s*u + 248 = 2*u. List the prime factors of u/3 + (-24)/18.
2, 5
Let r = 18783 - 3202. List the prime factors of r.
15581
Suppose -5*g = 0, 4528 + 13240 = 4*l + 5*g. List the prime factors of l.
2, 2221
Let g = 77 - 81. Let a be -1 + -2 + (g - 7). What are the prime factors of 4/a + (-4)/((-112)/4628)?
3, 5, 11
Let w(h) = 25 - 7*h**3 + 7*h**2 + 3*h**3 + 110 + 3*h**3 + 3*h + 3. List the prime factors of w(-7).
11, 73
Let i be -2 + (1 - 3) + -27. Let w = i + 70. Suppose -2*m + 9 = 3, -3*c - 4*m + w = 0. What are the prime factors of c?
3
Let r = -32095 + 45967. What are the prime factors of r?
2, 3, 17
Let a be (0/(-1))/(-1 + (-2 - -5)). Suppose a = b, -5*f + 940 = -0*b - 3*b. What are the prime factors of f?
2, 47
What are the prime factors of (-3 - -5010) + -18*5/15?
3, 1667
Let w(x) = 2*x - 11. Let t be w(8). Suppose t*p + 318 = 8*p. Suppose 19*f - 18*f = p. What are the prime factors of f?
2, 53
What are the prime factors of (-11)/(-14 + 36)*(-33886 + 0)?
16943
Let d be ((-102)/(-153))/((-3)/((-279)/2)). Suppose 0 = -d*x + 13*x + 3870. What are the prime factors of x?
5, 43
Let j(s) = -s - 14. Suppose 6*u + 37 - 1 = 0. Let i be j(u). What are the prime factors of (-158)/i*(4 + 0)?
79
Let f(b) = 2656*b**2 + 2*b - 2. List the prime factors of f(-3).
2, 29, 103
Let t be 78/4*16/(-24). Let w = 69 + -54. What are the prime factors of 16 + t - (-1 - w)?
19
List the prime factors of (-637384)/(-132) - -5*(-2)/15.
2, 17, 71
What are the prime factors of (80/(-6))/(17 + 111096/(-6534))?
2, 5, 11
Let s(k) = 3*k**2 - 10*k - 10. Let u be s(11). Suppose v + u = 109. What are the prime factors of 5 - (-4 + 5) - v?
2, 3, 23
List the prime factors of (-138)/(-12) + -8 - 3374/(-4).
7, 11
Suppose 0 = 3*c + 12, 0 = 31*u - 27*u + c - 69856. What are the prime factors of u?
5, 7, 499
Let f be ((-4)/24 - 122/(-12)) + -3. Suppose f*b = 10*b + 9. Let s = 51 - b. What are the prime factors of s?
2, 3
Suppose 5*j + 37*r - 30443 = 34*r, -12181 = -2*j - 5*r. List the prime factors of j.
2, 761
Let h be ((-13)/(-2))/(-13)*-78. List the prime factors of h/26 - 1023/(-6).
2, 43
Let b be (3 + -4)/((-3)/(-18)*2). Let o be 105/14*b/((-15)/256). Suppose -15*y = -12*y - o. What are the prime factors of y?
2
Let f(x) = x**3 - 23*x**2 + 58*x - 5. Let o be f(20). Let q = o + 326. List the prime factors of q.
281
Let u be (-2 + 3)*-6 + 3. What are the prime factors of (-5 - (-3 - u)) + 553?
2, 137
Let j(s) = s**3 + 2*s**2 - 6*s + 17. Suppose 4 = -2*t + 18. What are the prime factors of j(t)?
2, 13
Let l(g) = g**2 + 3*g + 24. Let n be l(-12). List the prime factors of ((-10)/(4 - -1))/(-3)*n.
2, 11
Let j be -1 + (10/3)/(-5)*3. Let a be j/(-6) + (-45)/(-18). Suppose 0 = -0*l + 2*l - 5*q - 36, -5*l - a*q = -90. List the prime factors of l.
2, 3
Let w(x) = -x**3 + 6*x**2 - 5*x + 2. Suppose 2*a = 5*a - o - 3, 4*a + 4*o = 20. Let r be w(a). Suppose -r*b = b - 135. List the prime factors of b.
3, 5
Let p(t) be the third derivative of -8*t**6/15 - t**4/6 - 5*t**3/6 + t**2 - 19. What are the prime factors of p(-2)?
5, 103
What are the prime factors of (-7137)/(-305)*(-2 + 677)/3?
3, 5, 13
Let d(w) = 2*w**3 - 10*w**2 + 50*w - 29. What are the prime factors of d(8)?
5, 151
Suppose 35271 + 91494 = 41*f + 34105. What are the prime factors of f?
2, 5, 113
Suppose v - s + 426 = 5*v, 0 = 5*s + 10. Let c = v + 98. List the prime factors of c.
5, 41
Let v = 9 - -43. Let w(d) = -3*d**2 + 0*d**2 + v*d**3 - 53*d**3 + 7*d + 7. List the prime factors of w(-5).
2, 11
Let a be (-7 - 124/(-3))*21. List the prime factors of (9 + 11)/5 + a.
5, 29
Suppose -7831 = -4*l - 1611. List the prime factors of l.
5, 311
Let v(p) = -64*p**2 - 1. Suppose 1 = 2*g - z + 2, 0 = 5*g - 4*z + 1. Let a be v(g). Let q = a - -91. What are the prime factors of q?
2, 13
Suppose -3*d + 20 = 2*g, 0*g - 4*d - 73 = -5*g. Suppose 859 = g*i - 3444. What are the prime factors of i?
331
Suppose 28*s - 4811 - 2284 = 2005. List the prime factors of s.
5, 13
List the prime factors of (-77978)/(-18) - 3/27.
2, 3, 19
Let h = -25665 + 35842. What are the prime factors of h?
10177
List the prime factors of 781*39/12 - (13/4 - 3).
2, 3, 47
Let b(z) = 7*z + 39. Let y be b(-5). Suppose -y*x - 5*x - 63 = 0. List the prime factors of (x/28*4)/((-2)/4).
2
Let f(r) = 20*r + 6. Suppose -n + 0*n + 51 = -m, 5*m = -3*n - 231. Let u be ((-9)/6)/(8/m). What are the prime factors of f(u)?
2, 3, 31
What are the prime factors of (-3 - (-18)/12)/((-15)/556790)?
13, 4283
Let g = 13490 - 6800. Suppose 24*x - g = 9*x. What are the prime factors of x?
2, 223
Let h(o) be the first derivative of -o**4/4 - 22*o**3/3 + 2*o**2 - 9*o + 14. Let k be h(-22). Let p = -41 - k. What are the prime factors of p?
2, 7
Suppose 45*t - 59*t + 56 = 0. Let d(y) = 517*y - 77. List the prime factors of d(t).
11, 181
Let u be (-2)/4*2*(483 + 11). Let k = u + 1417. List the prime factors of k.
13, 71
Let w = 3353 - 4955. Let z = w - -2483. List the prime factors of z.
881
Suppose 12 = 3*h - 15. Let z be -2 + h*(-328)/(-36)*3. What are the prime factors of (3 - (-10)/(-4))*z?
2, 61
Let c = 12268 + 2596. List the prime factors of c.
2, 929
Let r(b) be the third derivative of 4*b**4/3 - 2*b**3/3 + 23*b**2. Let u be (2 + -8)*2/(-4). What are the prime factors of r(u)?
2, 23
Let v(k) = -k**2 - 29*k + 32. Let o be v(-30). Let a(g) = 44*g - 52. What are the prime factors of a(o)?
2, 3
Suppose -2*i + 3*x = 2 - 14, -3*x = 3*i - 3. Suppose 5*j + 3*z = 250 + 274, 94 = j - i*z. Let g = j + -27. What are the prime factors of g?
2, 19
Let p be ((-2)/(-1) - -2) + -1. What are the prime factors of 2 + p + 2/(-1) - -78?
3
Suppose -2*y - h = -2*h, -5*h - 30 = 5*y. List the prime factors of (y + 0)/((-8)/268).
67
Let h = -254 - -31. Let m = h - -106. Let d = 206 + m. What are the prime factors of d?
89
Suppose 0 = -8*i + 726 + 1050. Suppose 0 = -49*w + 48*w + i. List the prime factors of w.
2, 3, 37
Let v = 78035 - 34898. What are the prime factors of v?
3, 4793
Let k be 31688/(-34)*(1 + 0). Let j = 1392 + k. What are the prime factors of j?
2, 5, 23
Suppose -35 = 5*q, 81*q = -2*i + 86*q + 43493. List the prime factors of i.
3, 7243
Let c(g) = -237*g. Let t be c(-2). Suppose 28*m - t = 31*m. Let o = -85 - m. What are the prime factors of o?
73
Let q(k) = k**3 + 16*k**2 + 49*k + 12. Let o be q(-12). Suppose -4*s + o*z + 2*z = -524, -s + 3*z = -126. List the prime factors of s.
2, 3, 11
Let k = 54 + -69. Let i(h) = -3*h - 1. Let a be i(k). Let w = a - -100. What are the prime factors of w?
2, 3
Let n(c) = -170*c + 12. Let t be n(-8). What are the prime factors of -8 + t + 9 + -5?
2, 3, 19
Suppose 0 = 4*y + 5733 - 17381 - 142444. What are the prime factors of y?
3, 12841
What are the prime factors of (-35 - 11359)/(2/(-9))?
3, 211
List the prime factors of 75/45*(6601 - 4).
3, 5, 733
Let x = 877 - -1431. Let b = -579 + x. List the prime factors of b.
7, 13, 19
Suppose 3*n = 12*n - 6*n - 37800. What are the prime factors of n?
2, 3, 5, 7
Let s be ((-36)/6 - -7)/((-1)/(-4)). Suppose 4*i + 1 - 345 = s*y, -4*i - 2*y = -368. What are the prime factors of i?
2, 3, 5
Suppose 2*p + m = 2322, -4*m - 2184 = -2*p + 